of 79 and 79.
79
What is the highest common divisor of 1000 and 14400?
200
What is the highest common divisor of 8 and 44?
4
Calculate the greatest common factor of 841 and 261.
29
What is the highest common factor of 22 and 704?
22
Calculate the highest common divisor of 64 and 432.
16
What is the highest common factor of 102 and 51?
51
What is the greatest common factor of 440 and 1060?
20
What is the greatest common divisor of 8 and 32?
8
What is the highest common factor of 10 and 30?
10
Calculate the greatest common factor of 8 and 16872.
8
Calculate the highest common divisor of 12 and 108.
12
Calculate the greatest common factor of 117 and 559.
13
Calculate the greatest common factor of 1576 and 2955.
197
Calculate the greatest common divisor of 84 and 5404.
28
What is the greatest common factor of 89584 and 176?
176
Calculate the greatest common factor of 3 and 61.
1
Calculate the highest common factor of 2247 and 21.
21
Calculate the greatest common divisor of 754 and 65.
13
What is the greatest common divisor of 38 and 38?
38
What is the greatest common divisor of 208 and 13884?
52
What is the highest common factor of 70 and 166?
2
What is the highest common factor of 183 and 21?
3
Calculate the greatest common factor of 19 and 57.
19
What is the highest common factor of 164 and 26363?
41
Calculate the highest common factor of 18 and 24.
6
What is the greatest common divisor of 1105 and 5?
5
What is the highest common divisor of 81 and 13068?
27
Calculate the greatest common divisor of 20837 and 67.
67
What is the greatest common divisor of 17 and 425?
17
What is the greatest common factor of 299 and 184?
23
Calculate the greatest common factor of 32 and 25008.
16
What is the greatest common divisor of 55 and 37?
1
What is the highest common factor of 423 and 1665?
9
What is the highest common factor of 8720 and 30?
10
What is the greatest common divisor of 420 and 84?
84
What is the highest common divisor of 168 and 536?
8
What is the highest common factor of 104 and 16?
8
What is the greatest common factor of 950 and 50?
50
What is the greatest common factor of 6 and 21?
3
Calculate the highest common factor of 38 and 3686.
38
What is the greatest common divisor of 87 and 928?
29
What is the greatest common factor of 465 and 60?
15
Calculate the highest common divisor of 45 and 171.
9
What is the greatest common factor of 1674 and 54?
54
Calculate the highest common divisor of 36 and 60.
12
What is the greatest common divisor of 20 and 2540?
20
Calculate the greatest common divisor of 96 and 1664.
32
Calculate the greatest common factor of 44 and 9262.
22
What is the highest common divisor of 688 and 64?
16
Calculate the highest common divisor of 14 and 224.
14
Calculate the greatest common divisor of 203 and 116.
29
Calculate the greatest common factor of 528 and 56.
8
Calculate the highest common divisor of 5632 and 88.
88
Calculate the greatest common factor of 5 and 109.
1
What is the greatest common factor of 55 and 935?
55
Calculate the highest common factor of 517 and 235.
47
What is the greatest common factor of 208 and 13?
13
What is the greatest common divisor of 34 and 119?
17
What is the greatest common divisor of 10110 and 270?
30
Calculate the greatest common factor of 3 and 13.
1
What is the highest common factor of 205 and 1394?
41
What is the greatest common factor of 624 and 48?
48
What is the highest common divisor of 938 and 56?
14
What is the greatest common factor of 410 and 41?
41
Calculate the highest common factor of 9 and 15.
3
Calculate the highest common factor of 6960 and 12.
12
Calculate the highest common divisor of 221 and 629.
17
Calculate the greatest common divisor of 5 and 695.
5
Calculate the greatest common divisor of 7526 and 318.
106
Calculate the greatest common divisor of 11356 and 68.
68
Calculate the greatest common factor of 11904 and 224.
32
What is the highest common divisor of 640 and 24160?
160
What is the greatest common divisor of 52 and 117?
13
Calculate the highest common divisor of 44 and 13508.
44
What is the highest common divisor of 34 and 918?
34
What is the greatest common divisor of 14 and 658?
14
What is the greatest common factor of 16 and 122?
2
What is the highest common divisor of 12 and 204?
12
Calculate the highest common divisor of 445 and 9968.
89
Calculate the greatest common divisor of 6 and 8.
2
What is the greatest common factor of 12 and 2028?
12
What is the greatest common factor of 51 and 8228?
17
Calculate the greatest common divisor of 69 and 180.
3
What is the highest common factor of 13 and 1157?
13
What is the highest common factor of 42 and 30?
6
Calculate the greatest common divisor of 17 and 2.
1
Calculate the highest common divisor of 16870 and 70.
70
What is the greatest common divisor of 66 and 374?
22
Calculate the highest common divisor of 9 and 339.
3
What is the greatest common divisor of 2489 and 19?
19
Calculate the highest common divisor of 8215 and 775.
155
Calculate the greatest common divisor of 12931 and 193.
193
What is the greatest common divisor of 605 and 1265?
55
What is the greatest common divisor of 24450 and 120?
30
What is the greatest common divisor of 5068 and 56?
28
What is the highest common divisor of 7761 and 78?
39
What is the highest common divisor of 11076 and 468?
156
Calculate the greatest common divisor of 64 and 1496.
8
What is the greatest common divisor of 2095 and 1257?
419
Calculate the greatest common factor of 5618 and 212.
106
Calculate the highest common factor of 215 and 5.
5
Calculate the greatest common divisor of 374 and 6562.
34
Calculate the greatest common divisor of 8 and 652.
4
Calculate the greatest common divisor of 9 and 2637.
9
What is the highest common divisor of 597 and 8557?
199
What is the highest common divisor of 27 and 477?
9
Calculate the greatest common divisor of 9523 and 178.
89
What is the greatest common factor of 872 and 56?
8
What is the highest common divisor of 5 and 13?
1
Calculate the greatest common divisor of 3420 and 126.
18
What is the highest common divisor of 243 and 54?
27
Calculate the highest common factor of 66 and 66.
66
What is the highest common divisor of 54 and 5382?
18
What is the greatest common factor of 2848 and 801?
89
Calculate the highest common factor of 70 and 585.
5
Calculate the highest common divisor of 55 and 205.
5
Calculate the greatest common divisor of 2 and 167.
1
Calculate the highest common divisor of 8084 and 172.
172
What is the highest common divisor of 247 and 65?
13
Calculate the greatest common divisor of 120 and 8145.
15
What is the highest common divisor of 9268 and 28?
28
Calculate the greatest common factor of 210 and 735.
105
What is the greatest common divisor of 20 and 620?
20
Calculate the highest common factor of 1550 and 248.
62
What is the greatest common factor of 41 and 574?
41
Calculate the greatest common factor of 4 and 212.
4
Calculate the greatest common divisor of 165 and 15.
15
Calculate the highest common divisor of 1868 and 76.
4
Calculate the greatest common divisor of 796 and 3383.
199
Calculate the highest common divisor of 4 and 268.
4
Calculate the greatest common divisor of 3762 and 54.
18
Calculate the highest common factor of 75 and 50.
25
What is the greatest common factor of 1480 and 40?
40
Calculate the greatest common divisor of 432 and 112.
16
What is the highest common divisor of 6838 and 26?
26
What is the highest common factor of 61 and 1403?
61
What is the highest common divisor of 31313 and 543?
181
Calculate the greatest common factor of 20 and 670.
10
Calculate the greatest common divisor of 90 and 225.
45
Calculate the highest common factor of 16 and 52.
4
Calculate the greatest common divisor of 209 and 22.
11
What is the greatest common factor of 39 and 2?
1
Calculate the highest common divisor of 105 and 49.
7
What is the greatest common divisor of 8589 and 14?
7
What is the greatest common factor of 80 and 688?
16
What is the greatest common divisor of 77 and 7?
7
Calculate the highest common factor of 162 and 675.
27
Calculate the highest common divisor of 94 and 517.
47
Calculate the highest common factor of 400 and 225.
25
What is the greatest common divisor of 848 and 106?
106
C